. Let p be r(-5). Let v(b) be the first derivative of b**4/4 + 8*b**3/3 + 3*b**2 + 8*b - 2. What is the tens digit of v(p)?
1
Let c = 18 - 16. Suppose 0 = -c*b + 3 + 33. What is the tens digit of b?
1
Suppose 3*d + d + 4*y - 404 = 0, 3*y + 113 = d. Suppose -u + d = 3*u. What is the units digit of u?
6
Suppose -7 = -3*h + 56. What is the units digit of h?
1
Suppose 3*y - 2 = 4. Let w(l) = -5 + 7*l + 1 + y*l + 1. What is the tens digit of w(2)?
1
Suppose 2*t = -2*t. Let s = 4 - t. What is the units digit of s?
4
Suppose -27*r = -21*r - 2262. What is the units digit of r?
7
Let p(l) = -l**3 - 10*l**2 - l - 8. Let n(c) = c. Let a(d) = -2*n(d) - p(d). What is the units digit of a(-10)?
8
What is the tens digit of (2 - 3*-27)*2?
6
Suppose 3*v - 2*t - 48 = v, -2*v + 48 = t. What is the units digit of v?
4
Suppose w + 3 - 5 = 0. Suppose -5*i + w = z + 9, -17 = -3*z + 4*i. What is the units digit of z?
3
Suppose w - x + 4*x = 144, -x = 5*w - 734. What is the units digit of w?
7
Suppose -63*x = -66*x + 690. What is the units digit of x?
0
Let m = -31 - -47. What is the units digit of (-2 - 4) + 3 + m?
3
Let o(s) = s**2 - s - 1. Let g(b) = 2*b**2 + 2*b - 1. Let y(j) = g(j) - o(j). What is the tens digit of y(3)?
1
What is the units digit of (-222)/(-4) + (-15)/10?
4
Let g = 29 - 17. Suppose a - 2 = g. What is the tens digit of a?
1
What is the hundreds digit of (-7 + 2)*306/(-15)?
1
Suppose t - 3 - 3 = 0. Suppose y = 2*j + 29, -y + t*y - 3*j = 138. What is the units digit of y?
7
Suppose i = 4*h - 4*i - 20, -3*i - 12 = 4*h. Suppose w + 0*w - 35 = h. What is the tens digit of w?
3
Let t(d) = d**2 + 2*d + 2. Suppose -18 = 3*x + 3*w, -x + 6*x - w = -12. What is the units digit of t(x)?
5
Let y(d) = 3*d**3 + d**2 + 10*d - 12. What is the hundreds digit of y(4)?
2
Let j(c) = c**3 + 8*c**2 + 7*c - 1. Let k be j(-7). What is the units digit of k/(-1) + -8 + 9?
2
Suppose 2*f + m = 4, -2*m = -5*f - 4*m + 10. Suppose -j + 3*o = j - 41, -f*o = -2*j + 46. What is the units digit of j?
8
Let m(t) = 18*t + 7. Let p be m(9). Let g be p/(-9) + 6/(-27). Let q = 27 + g. What is the units digit of q?
8
Let g(m) = m**3 - 2*m**2 + m - 1. What is the units digit of g(3)?
1
What is the tens digit of 3/((-12)/(-8)) - -71?
7
Let w(l) = -27*l - 1. Let s be w(1). Let q = -13 - s. What is the units digit of q?
5
Let j = 160 - 50. Let o = -64 + j. What is the units digit of o?
6
Let a(l) = 6*l**2 + l - 2. Let s be (-2 + -2)*1/2. Let q be a(s). Let i = q - 4. What is the units digit of i?
6
Let z be (-3)/(3 + (-8)/3). Let w be (-6)/z - 92/(-6). What is the units digit of (w/(-5))/((-4)/10)?
8
Let k(f) = -f**3 - 11*f**2 - f + 11. Let s be k(-11). Suppose 4*m - 6 = s. What is the units digit of m?
7
Suppose 5*o + 6 - 41 = 0. Let j = o - -6. What is the units digit of j?
3
Let h = 20 + -8. Suppose 0 = -4*t + h - 4. What is the units digit of 3*(t/6 - -1)?
4
What is the units digit of (1 + 0 + -160)*(-126)/189?
6
Let d(z) = -2*z + z + z**3 - 2*z**2 + 2*z + 1 + 3*z**2. Let f be d(-2). Let g(j) = -j**3 - 3*j**2 + 6*j + 1. What is the units digit of g(f)?
1
Suppose 4 = 3*j + 13, -5*b + 100 = -5*j. What is the tens digit of b?
1
Let m(r) = r**3 - 2*r**2 - 3*r + 3. Let a be m(3). Suppose 5*y = 3 + 2, -a*h = y + 23. Let u = -3 - h. What is the units digit of u?
5
Let n(p) be the third derivative of p**6/120 - p**5/30 + p**4/8 - p**3/2 - 2*p**2. Let k be n(2). Suppose 0 = -k*c + 4 + 26. What is the units digit of c?
0
Suppose 3*k + 22 = 2*j + 87, -k + j + 22 = 0. What is the tens digit of k?
2
Suppose 0 = 4*m - 2*m + 5*r - 163, -4*m + 341 = -5*r. What is the tens digit of m?
8
Let p = -1 + 1. Suppose -3*a = -p*a + 5*t - 62, t = a - 10. What is the units digit of a?
4
Suppose -a + 3 = -4*c + 17, -4*a + 4 = -c. Let z(k) = -k**3 + 4*k**2 + 4*k - 4. What is the units digit of z(c)?
2
What is the units digit of (-198)/11*(-5)/3?
0
Suppose -3*b = -2*c + 5*c + 6, 3*b + 20 = 4*c. What is the units digit of (b/(-10))/((-2)/(-70))?
4
Suppose 27 = -0*g + g. Suppose -18 - g = -3*y. What is the tens digit of y?
1
Let l be 40/3 + (-1)/3. Suppose 2*k + 5*o = -2*k + 11, -4*k + l = 3*o. Suppose -3 = -2*r - 5, k*f - 14 = 2*r. What is the units digit of f?
3
Let k be 9*(-4)/20*-5. Suppose -5*t = 3*h - 38, 4*h + 4*t - 16 = 6*t. What is the units digit of (k/h)/((-2)/(-12))?
9
Suppose -4*m + 2*v - 10 = -3*m, -5*v - 41 = 3*m. Let q(j) = -3*j - 22. Let g(r) = 4*r + 21. Let x(t) = -2*g(t) - 3*q(t). What is the tens digit of x(m)?
1
Let n = 28 + 3. What is the units digit of n?
1
Let k = 9 - -1. Suppose -d - d - 4*h + k = 0, -d - 5*h + 2 = 0. What is the units digit of d?
7
Suppose -4*t + 102 = 3*k, -3*k - 11 = -t + 22. What is the tens digit of t?
2
Let t = 547 + -236. What is the tens digit of t?
1
Let x be 3 - (0 + -2 - -2). Suppose -4*r - 3*i + 16 = 1, 0 = r + 5*i - 8. Suppose 0 = x*w - 9 - r. What is the units digit of w?
4
Let k(v) = v**2 + 5*v + 17. What is the tens digit of k(-8)?
4
Suppose 0 = -2*p + 2 + 4. Suppose 64 = p*r - s, -55 = -2*r - 2*s - 7. What is the units digit of r?
2
Suppose 4*q = 4*o - 8, -o = -2*q - 9 + 1. Let d be 40/6 - 2/q. Suppose 0 = h + 4*g - d, -2*h + 0*g - g = -14. What is the units digit of h?
7
Suppose -f - 5*o = f - 46, 3*f - 31 = 2*o. Let u = 22 - f. Suppose a = -5*w + u, -3*a - 3*w + 27 = -w. What is the units digit of a?
9
Suppose 2*g + 2 - 6 = 0. Suppose -60 = -g*u - 2*u. What is the tens digit of u?
1
Let i = 30 + 3. What is the units digit of i?
3
What is the units digit of (-9)/(-21) + (3 - (-34)/(-14))?
1
What is the tens digit of ((-11)/2)/((-1)/10)?
5
Suppose -w + 12 = -4*w. Let x(s) = s**3 + 4*s**2 + s + 2. Let o be x(w). What is the units digit of (3 - o)*4/10?
2
Suppose -2*b - 5*v = -0*b + 15, -3*b + v = -20. Let i(g) = -3*g**2 - 2*g - 4*g**3 - g + b*g**3 - 3. What is the units digit of i(4)?
1
Suppose 57 = a - b, -2*b + 2 = -2. What is the units digit of a?
9
Suppose 2*s + 8 = 0, -4*w = -5*w - 3*s - 13. What is the tens digit of (w - 1)*-23*1?
4
Suppose 3*h - 210 = 3*m, 2*m = 3*h + 34 - 239. What is the units digit of h?
5
Suppose -4*x + 6 = -x. Let o = x - 0. What is the units digit of o?
2
Suppose 6*f - f - 70 = 0. Let d = -12 + 6. Let v = f + d. What is the units digit of v?
8
Let j(k) = -3*k + 6. Let c be j(3). What is the tens digit of ((-1)/c)/((-4)/(-228))?
1
Let u(q) = -q**3 + 2*q**2 - 2*q - 2. Let i be u(2). Let j = -7 + 19. What is the units digit of i/(-3*3/j)?
8
What is the tens digit of (-340)/(-25) - (-6)/15?
1
Let x = 11 + 7. What is the tens digit of x?
1
Suppose -t + 2*n + 7 = -2*n, 2*n = -2*t + 14. What is the units digit of t?
7
Suppose -4*d = 0, -3*i - 102 = -2*d - 39. Let l = -15 - i. What is the units digit of (l - 1) + (-2)/(-2)?
6
Suppose -6 = s + 2*m + 4, 4*s + 5*m = -25. What is the tens digit of -10*(s + 2 + -3)?
1
Let f(t) = 5*t + 36. What is the units digit of f(16)?
6
Suppose -3*o + 9 = -0. Suppose -r + o*r = 48. Suppose i + r = 4*i. What is the units digit of i?
8
What is the units digit of (1284/24)/((-1)/(-2))?
7
Suppose -2*r = -2*m - 3*m - 8, -r + 9 = -5*m. Let b be -1 - (-3 + 2) - 1. What is the units digit of (r/(-3))/(b/(-3))?
1
Let n(v) = 3*v + 4. Let u(f) = f - 2. Let m be u(-3). Let i be n(m). What is the units digit of i/(-2)*-2*-1?
1
Let d(u) = 2*u**3 + 6*u**2 - 7*u - 2. Let j(w) = -w**3 - w**2 + w - 1. Let r(v) = d(v) + j(v). What is the units digit of r(-5)?
7
Let l(h) = -h**3 - 6*h**2 - h - 6. Let f be l(-6). Let v = 13 - 5. Suppose f*s = s - v. What is the units digit of s?
8
Suppose -2*g = 1 - 5, -q + 3 = -4*g. Suppose 2 = -3*z + q. Suppose 22 = z*x + 4. What is the units digit of x?
6
Suppose -t + 2*a - 7 = -2*t, -15 = -t - 4*a. Let l = t + 2. Suppose 2*g - l - 5 = 2*d, 3*d = 5*g - 23. What is the units digit of g?
7
Let p(h) = 3*h - 2. Let i be p(2). Suppose -34 = 4*f + 2*u - 10, -3*f = i*u + 18. What is the units digit of -1*(-1 + 2 + f)?
5
Let i(p) = -4*p**3 + p**2 + 2*p + 1. Let s be i(-1). Suppose v - 5 = -s*v. Suppose -v = 5*l - 16. What is the units digit of l?
3
Let b be 1*(-4)/8*2. Suppose -6 = -s - 2*s. What is the units digit of -2 - (b + -5)/s?
1
What is the units digit of (-9)/(-9)*(0 - -25)?
5
Let l = 21 + -12. Let m = -1 + l. What is the units digit of m?
8
What is the units digit of (-257)/(-6) + ((-2